{"id":443,"date":"2025-04-01T06:46:43","date_gmt":"2025-04-01T06:46:43","guid":{"rendered":"https:\/\/tygwiniz.fr\/?page_id=443"},"modified":"2025-08-30T18:07:48","modified_gmt":"2025-08-30T18:07:48","slug":"a-propos-de-nous","status":"publish","type":"page","link":"https:\/\/tygwiniz.fr\/?page_id=443","title":{"rendered":"A propos de nous"},"content":{"rendered":"<p>[et_pb_section fb_built=\u00a0\u00bb1&Prime; admin_label=\u00a0\u00bbHeader\u00a0\u00bb _builder_version=\u00a0\u00bb4.27.4&Prime; _module_preset=\u00a0\u00bbdefault\u00a0\u00bb background_color=\u00a0\u00bb#bbce00&Prime; background_enable_image=\u00a0\u00bboff\u00a0\u00bb locked=\u00a0\u00bboff\u00a0\u00bb collapsed=\u00a0\u00bbon\u00a0\u00bb global_colors_info=\u00a0\u00bb{}\u00a0\u00bb][et_pb_row _builder_version=\u00a0\u00bb4.27.4&Prime; _module_preset=\u00a0\u00bbdefault\u00a0\u00bb max_width=\u00a0\u00bbnone\u00a0\u00bb locked=\u00a0\u00bboff\u00a0\u00bb global_colors_info=\u00a0\u00bb{}\u00a0\u00bb][et_pb_column type=\u00a0\u00bb4_4&Prime; _builder_version=\u00a0\u00bb4.23.1&Prime; _module_preset=\u00a0\u00bbdefault\u00a0\u00bb global_colors_info=\u00a0\u00bb{}\u00a0\u00bb][et_pb_text _builder_version=\u00a0\u00bb4.23.1&Prime; _module_preset=\u00a0\u00bbd358eaa8-ad2e-417d-a506-6df32cd20c0e\u00a0\u00bb header_text_color=\u00a0\u00bb#FFFFFF\u00a0\u00bb text_orientation=\u00a0\u00bbcenter\u00a0\u00bb custom_margin=\u00a0\u00bb||10px||false|false\u00a0\u00bb header_font_size_tablet=\u00a0\u00bb60px\u00a0\u00bb header_font_size_phone=\u00a0\u00bb28px\u00a0\u00bb header_font_size_last_edited=\u00a0\u00bbon|phone\u00a0\u00bb inline_fonts=\u00a0\u00bbAlata\u00a0\u00bb global_colors_info=\u00a0\u00bb{}\u00a0\u00bb]<\/p>\n<h1><strong><span style=\"color: #000000; font-family: Alata;\">A PROPOS DE NOUS<\/span><\/strong><\/h1>\n<p>[\/et_pb_text][\/et_pb_column][\/et_pb_row][\/et_pb_section][et_pb_section fb_built=\u00a0\u00bb1&Prime; admin_label=\u00a0\u00bbOur Story\u00a0\u00bb _builder_version=\u00a0\u00bb4.27.4&Prime; _module_preset=\u00a0\u00bbdefault\u00a0\u00bb background_enable_image=\u00a0\u00bboff\u00a0\u00bb background_size=\u00a0\u00bbcustom\u00a0\u00bb background_image_width=\u00a0\u00bb25%\u00a0\u00bb background_position=\u00a0\u00bbbottom_left\u00a0\u00bb background_horizontal_offset=\u00a0\u00bb-4vw\u00a0\u00bb background_vertical_offset=\u00a0\u00bb-4vw\u00a0\u00bb collapsed=\u00a0\u00bbon\u00a0\u00bb global_colors_info=\u00a0\u00bb{}\u00a0\u00bb][et_pb_row column_structure=\u00a0\u00bb1_4,1_2,1_4&Prime; _builder_version=\u00a0\u00bb4.24.3&Prime; _module_preset=\u00a0\u00bbdefault\u00a0\u00bb z_index=\u00a0\u00bb10&Prime; global_colors_info=\u00a0\u00bb{}\u00a0\u00bb][et_pb_column type=\u00a0\u00bb1_4&Prime; _builder_version=\u00a0\u00bb4.23.1&Prime; _module_preset=\u00a0\u00bbdefault\u00a0\u00bb global_colors_info=\u00a0\u00bb{}\u00a0\u00bb][et_pb_image src=\u00a0\u00bbhttps:\/\/tygwiniz.fr\/wp-content\/uploads\/2025\/04\/Capture-decran-2025-03-21-090731.png\u00a0\u00bb title_text=\u00a0\u00bbCapture d&rsquo;\u00e9cran 2025-03-21 090731&Prime; _builder_version=\u00a0\u00bb4.27.4&Prime; _module_preset=\u00a0\u00bbdefault\u00a0\u00bb global_colors_info=\u00a0\u00bb{}\u00a0\u00bb][\/et_pb_image][et_pb_image src=\u00a0\u00bbhttps:\/\/tygwiniz.fr\/wp-content\/uploads\/2025\/03\/thibault-chips-1-1-scaled.jpg\u00a0\u00bb title_text=\u00a0\u00bbthibault chips 1&Prime; _builder_version=\u00a0\u00bb4.27.4&Prime; _module_preset=\u00a0\u00bbdefault\u00a0\u00bb transform_translate=\u00a0\u00bb3px|195px\u00a0\u00bb transform_translate_linked=\u00a0\u00bboff\u00a0\u00bb global_colors_info=\u00a0\u00bb{}\u00a0\u00bb][\/et_pb_image][et_pb_image src=\u00a0\u00bbhttps:\/\/tygwiniz.fr\/wp-content\/uploads\/2025\/05\/IMGP1147-scaled.jpg\u00a0\u00bb title_text=\u00a0\u00bbIMGP1147&Prime; _builder_version=\u00a0\u00bb4.27.4&Prime; _module_preset=\u00a0\u00bbdefault\u00a0\u00bb transform_translate=\u00a0\u00bb0px|-322px\u00a0\u00bb transform_translate_linked=\u00a0\u00bboff\u00a0\u00bb global_colors_info=\u00a0\u00bb{}\u00a0\u00bb][\/et_pb_image][\/et_pb_column][et_pb_column type=\u00a0\u00bb1_2&Prime; _builder_version=\u00a0\u00bb4.23.1&Prime; _module_preset=\u00a0\u00bbdefault\u00a0\u00bb global_colors_info=\u00a0\u00bb{}\u00a0\u00bb][et_pb_text _builder_version=\u00a0\u00bb4.23.1&Prime; _module_preset=\u00a0\u00bbc12958fb-42f4-45b8-bdfd-7003ae1ca844&Prime; global_colors_info=\u00a0\u00bb{}\u00a0\u00bb]<\/p>\n<h2>Notre histoire<\/h2>\n<p>[\/et_pb_text][et_pb_text _builder_version=\u00a0\u00bb4.27.4&Prime; _module_preset=\u00a0\u00bb5e8b3539-8e4b-4dc3-9edb-5b51daa26022&Prime; text_text_color=\u00a0\u00bb#000000&Prime; hover_enabled=\u00a0\u00bb0&Prime; global_colors_info=\u00a0\u00bb{}\u00a0\u00bb sticky_enabled=\u00a0\u00bb0&Prime;]<\/p>\n<p style=\"text-align: justify;\">Ty Gwiniz, c\u2019est avant tout une histoire de passion et d\u2019envie d\u2019entreprendre.<\/p>\n<p>[\/et_pb_text][et_pb_text _builder_version=\u00a0\u00bb4.27.4&Prime; _module_preset=\u00a0\u00bb1aef4885-7ad2-4ff5-bf6e-0bd6e94d6aed\u00a0\u00bb custom_margin=\u00a0\u00bb-17px||||false|false\u00a0\u00bb hover_enabled=\u00a0\u00bb0&Prime; global_colors_info=\u00a0\u00bb{}\u00a0\u00bb sticky_enabled=\u00a0\u00bb0&Prime;]<\/p>\n<p style=\"font-weight: 400; text-align: justify;\">Tout commence un 11 f\u00e9vrier 2003, sur un march\u00e9 du Pays d\u2019Iroise. Premier tour de main, premi\u00e8res cr\u00eapes partag\u00e9es avec les clients dont certains sont toujours des fid\u00e8les&#8230; et d\u00e9j\u00e0 une volont\u00e9 : proposer une cr\u00eape authentique, g\u00e9n\u00e9reuse et artisanale.<\/p>\n<p style=\"font-weight: 400; text-align: justify;\">Depuis,<span>\u00a0<\/span><strong>nous sillonnons les march\u00e9s du Nord Finist\u00e8re<\/strong>, et avons grandi tout en restant fid\u00e8les \u00e0 nos racines.<\/p>\n<p style=\"font-weight: 400; text-align: justify;\">En 2012, un tournant : notre atelier de cr\u00eapes voit le jour \u00e0 Plouguin, avec un man\u00e8ge \u00e0 cr\u00eapes permettant de r\u00e9pondre \u00e0 la demande croissante, tout en d\u00e9veloppant une<span>\u00a0<\/span><strong>activit\u00e9 traiteur<\/strong><span>\u00a0<\/span>(repas \u00e0 domicile, roul\u00e9es, caramel au beurre sal\u00e9 maison).<\/p>\n<p style=\"font-weight: 400; text-align: justify;\">Chez Ty Gwiniz,<span>\u00a0<\/span><strong>qualit\u00e9<\/strong>,<span>\u00a0<\/span><strong>respect<\/strong><span>\u00a0<\/span>et<span>\u00a0<\/span><strong>simplicit\u00e9<\/strong><span>\u00a0<\/span>guident nos gestes chaque jour :<\/p>\n<ul style=\"font-weight: 400;\">\n<li style=\"text-align: justify;\"><strong>Qualit\u00e9 du produit<\/strong><span>\u00a0<\/span>: chaque cr\u00eape est le fruit d\u2019un savoir-faire rigoureux \u2014 fra\u00eecheur des ingr\u00e9dients, respect des temps de cuisson, constance du go\u00fbt.<\/li>\n<li style=\"text-align: justify;\"><strong>Respect des clients<\/strong><span>\u00a0<\/span>: sourire, \u00e9coute et simplicit\u00e9 dans l\u2019accueil sont au c\u0153ur de notre identit\u00e9.<\/li>\n<li style=\"text-align: justify;\"><strong>Engagement local<\/strong><span>\u00a0<\/span>: notre farine provient de la Minoterie Frances (certifi\u00e9e IGP bl\u00e9 noir de Bretagne), nos \u0153ufs de Kerhoas \u00e0 Milizac, notre lait du GAEC du Menhir \u00e0 Plouguin. Une production ancr\u00e9e dans son territoire.<\/li>\n<\/ul>\n<p>[\/et_pb_text][\/et_pb_column][et_pb_column type=\u00a0\u00bb1_4&Prime; _builder_version=\u00a0\u00bb4.23.1&Prime; _module_preset=\u00a0\u00bbdefault\u00a0\u00bb global_colors_info=\u00a0\u00bb{}\u00a0\u00bb][et_pb_image src=\u00a0\u00bbhttps:\/\/tygwiniz.fr\/wp-content\/uploads\/2025\/03\/Frederic-scaled.jpg\u00a0\u00bb title_text=\u00a0\u00bbFre\u0301de\u0301ric\u00a0\u00bb _builder_version=\u00a0\u00bb4.27.4&Prime; _module_preset=\u00a0\u00bbdefault\u00a0\u00bb max_width_tablet=\u00a0\u00bb400px\u00a0\u00bb max_width_phone=\u00a0\u00bb400px\u00a0\u00bb max_width_last_edited=\u00a0\u00bbon|tablet\u00a0\u00bb global_colors_info=\u00a0\u00bb{}\u00a0\u00bb][\/et_pb_image][et_pb_image src=\u00a0\u00bbhttps:\/\/tygwiniz.fr\/wp-content\/uploads\/2025\/03\/cache_2486025037.jpg\u00a0\u00bb title_text=\u00a0\u00bbcache_2486025037&Prime; _builder_version=\u00a0\u00bb4.27.4&Prime; _module_preset=\u00a0\u00bbdefault\u00a0\u00bb global_colors_info=\u00a0\u00bb{}\u00a0\u00bb][\/et_pb_image][et_pb_image src=\u00a0\u00bbhttps:\/\/tygwiniz.fr\/wp-content\/uploads\/2025\/03\/crepes-cara-jus-1-scaled.jpg\u00a0\u00bb title_text=\u00a0\u00bbcre\u0302pes cara jus 1&Prime; _builder_version=\u00a0\u00bb4.27.4&Prime; _module_preset=\u00a0\u00bbdefault\u00a0\u00bb global_colors_info=\u00a0\u00bb{}\u00a0\u00bb][\/et_pb_image][\/et_pb_column][\/et_pb_row][\/et_pb_section][et_pb_section fb_built=\u00a0\u00bb1&Prime; _builder_version=\u00a0\u00bb4.24.3&Prime; _module_preset=\u00a0\u00bbdefault\u00a0\u00bb global_colors_info=\u00a0\u00bb{}\u00a0\u00bb][et_pb_row _builder_version=\u00a0\u00bb4.24.3&Prime; _module_preset=\u00a0\u00bbdefault\u00a0\u00bb global_colors_info=\u00a0\u00bb{}\u00a0\u00bb][et_pb_column type=\u00a0\u00bb4_4&Prime; _builder_version=\u00a0\u00bb4.24.3&Prime; _module_preset=\u00a0\u00bbdefault\u00a0\u00bb global_colors_info=\u00a0\u00bb{}\u00a0\u00bb][et_pb_text _builder_version=\u00a0\u00bb4.27.4&Prime; _module_preset=\u00a0\u00bbc12958fb-42f4-45b8-bdfd-7003ae1ca844&Prime; custom_margin=\u00a0\u00bb-105px||10px||false|false\u00a0\u00bb locked=\u00a0\u00bboff\u00a0\u00bb global_colors_info=\u00a0\u00bb{}\u00a0\u00bb]<\/p>\n<h2 style=\"text-align: center;\">Notre \u00e9quipe<\/h2>\n<p>[\/et_pb_text][\/et_pb_column][\/et_pb_row][et_pb_row column_structure=\u00a0\u00bb1_3,1_3,1_3&Prime; _builder_version=\u00a0\u00bb4.27.4&Prime; _module_preset=\u00a0\u00bbdefault\u00a0\u00bb global_colors_info=\u00a0\u00bb{}\u00a0\u00bb][et_pb_column type=\u00a0\u00bb1_3&Prime; _builder_version=\u00a0\u00bb4.27.4&Prime; _module_preset=\u00a0\u00bbdefault\u00a0\u00bb global_colors_info=\u00a0\u00bb{}\u00a0\u00bb][et_pb_team_member name=\u00a0\u00bbFr\u00e9d\u00e9ric\u00a0\u00bb position=\u00a0\u00bbG\u00e9rant\u00a0\u00bb image_url=\u00a0\u00bbhttps:\/\/tygwiniz.fr\/wp-content\/uploads\/2025\/03\/6Visuel-Fred.png\u00a0\u00bb _builder_version=\u00a0\u00bb4.27.4&Prime; _module_preset=\u00a0\u00bbdefault\u00a0\u00bb global_colors_info=\u00a0\u00bb{}\u00a0\u00bb]<\/p>\n<p style=\"text-align: justify;\"><span>Fred, le fondateur et g\u00e9rant passionn\u00e9 de notre entreprise, qu&rsquo;il a cr\u00e9\u00e9e en 2003. <\/span><\/p>\n<p style=\"text-align: justify;\"><span>Sous sa direction, Ty Gwiniz s&rsquo;engage \u00e0 offrir des produits de qualit\u00e9 tout en renfor\u00e7ant les liens avec la communaut\u00e9 locale. <\/span><span style=\"font-size: 14px;\">Avec une vision claire et un esprit d&rsquo;\u00e9quipe, Fred s&rsquo;efforce de cr\u00e9er un environnement positif o\u00f9 chaque membre de l&rsquo;\u00e9quipe se sent valoris\u00e9 et motiv\u00e9. Toujours \u00e0 l&rsquo;\u00e9coute, il n&rsquo;h\u00e9site pas \u00e0 partager son expertise et \u00e0 encourager l&rsquo;innovation au sein de l&rsquo;entreprise.\u00a0<\/span><\/p>\n<p style=\"text-align: justify;\"><span>\ud83d\udccd Vous pouvez retrouver Fred en boutique ou sur le march\u00e9 de Guilers le jeudi apr\u00e8s-midi !<\/span><\/p>\n<p>[\/et_pb_team_member][\/et_pb_column][et_pb_column type=\u00a0\u00bb1_3&Prime; _builder_version=\u00a0\u00bb4.27.4&Prime; _module_preset=\u00a0\u00bbdefault\u00a0\u00bb global_colors_info=\u00a0\u00bb{}\u00a0\u00bb][et_pb_team_member name=\u00a0\u00bbThibault\u00a0\u00bb position=\u00a0\u00bbChef production\u00a0\u00bb image_url=\u00a0\u00bbhttps:\/\/tygwiniz.fr\/wp-content\/uploads\/2025\/03\/2Visuel-Thibault.png\u00a0\u00bb _builder_version=\u00a0\u00bb4.27.4&Prime; _module_preset=\u00a0\u00bbdefault\u00a0\u00bb global_colors_info=\u00a0\u00bb{}\u00a0\u00bb]<\/p>\n<p style=\"text-align: justify;\"><span>Thibault fait partie de Ty Gwiniz depuis novembre 2020 !<\/span><\/p>\n<p style=\"text-align: justify;\"><span> <\/span><span style=\"font-size: 14px;\">Il est responsable de la production depuis le d\u00e9but de l&rsquo;ann\u00e9e 2025 ! <span>Cuisinier de formation, i<\/span><\/span><span style=\"font-size: 14px;\">l veille \u00e0 la bonne fabrication de nos produits.<span>\u00a0Thibault est \u00e9galement \u00e0 l&rsquo;origine de nos d\u00e9licieuses chips de bl\u00e9 noir.<\/span> Enfin, il se charge \u00e9galement des commandes fournisseurs en garantissant la meilleure qualit\u00e9 pour nos produits.<\/span><\/p>\n<p style=\"text-align: justify;\"><span style=\"font-size: 14px;\"><\/span><\/p>\n<p style=\"text-align: justify;\"><span style=\"font-size: 14px;\"><span>\ud83d\udccd Vous pouvez retrouver Thibault en boutique !<\/span><\/span><\/p>\n<p>[\/et_pb_team_member][\/et_pb_column][et_pb_column type=\u00a0\u00bb1_3&Prime; _builder_version=\u00a0\u00bb4.27.4&Prime; _module_preset=\u00a0\u00bbdefault\u00a0\u00bb global_colors_info=\u00a0\u00bb{}\u00a0\u00bb][et_pb_team_member name=\u00a0\u00bbSimon\u00a0\u00bb position=\u00a0\u00bbEquipier polyvalent\u00a0\u00bb image_url=\u00a0\u00bbhttps:\/\/tygwiniz.fr\/wp-content\/uploads\/2025\/03\/7Visuel-Simon.png\u00a0\u00bb _builder_version=\u00a0\u00bb4.27.4&Prime; _module_preset=\u00a0\u00bbdefault\u00a0\u00bb global_colors_info=\u00a0\u00bb{}\u00a0\u00bb]<\/p>\n<p style=\"text-align: justify;\"><span>Simon fait partie de l\u2019aventure Ty Gwiniz depuis juillet 2014 ! <\/span><\/p>\n<p style=\"text-align: justify;\"><span style=\"font-size: 14px;\">Souriant, empathique et dynamique, il se charge de la production des cr\u00eapes de froment et de bl\u00e9 noir !<\/span><\/p>\n<p style=\"text-align: justify;\"><span>Retrouvez-le sur ces 3 march\u00e9s :<\/span><br \/><span>\ud83d\udccd Plouvien, le lundi apr\u00e8s-midi<\/span><br \/><span>\ud83d\udccd Lannilis, le mercredi matin<\/span><br \/><span>\ud83d\udccd Plabennec, le vendredi apr\u00e8s-midi<\/span><\/p>\n<p>[\/et_pb_team_member][\/et_pb_column][\/et_pb_row][et_pb_row column_structure=\u00a0\u00bb1_3,1_3,1_3&Prime; _builder_version=\u00a0\u00bb4.27.4&Prime; _module_preset=\u00a0\u00bbdefault\u00a0\u00bb global_colors_info=\u00a0\u00bb{}\u00a0\u00bb][et_pb_column type=\u00a0\u00bb1_3&Prime; _builder_version=\u00a0\u00bb4.27.4&Prime; _module_preset=\u00a0\u00bbdefault\u00a0\u00bb global_colors_info=\u00a0\u00bb{}\u00a0\u00bb][et_pb_team_member name=\u00a0\u00bbLila\u00a0\u00bb position=\u00a0\u00bbEquiper polyvalent\u00a0\u00bb image_url=\u00a0\u00bbhttps:\/\/tygwiniz.fr\/wp-content\/uploads\/2025\/03\/1Visuel-Lila.png\u00a0\u00bb _builder_version=\u00a0\u00bb4.27.4&Prime; _module_preset=\u00a0\u00bbdefault\u00a0\u00bb global_colors_info=\u00a0\u00bb{}\u00a0\u00bb]<\/p>\n<p style=\"text-align: justify;\"><span>Lila fait partie de l\u2019aventure Ty Gwiniz depuis novembre 2021 ! <\/span><\/p>\n<p style=\"text-align: justify;\"><span>Dynamique et souriante, Lila est aussi polyvalente !\u00a0<\/span><br \/><span>Elle s\u2019occupe de la production et confectionne le caramel au beurre sal\u00e9, les chips de bl\u00e9 noir, et \u00e9labore les recettes pour les prestations traiteurs et les roul\u00e9es ap\u00e9ritives\u00a0<\/span><\/p>\n<p style=\"text-align: justify;\"><span>\ud83d\udccdRetrouvez-la le vendredi matin sur le march\u00e9 de Ploudalm\u00e9zeau !<\/span><\/p>\n<p>[\/et_pb_team_member][\/et_pb_column][et_pb_column type=\u00a0\u00bb1_3&Prime; _builder_version=\u00a0\u00bb4.27.4&Prime; _module_preset=\u00a0\u00bbdefault\u00a0\u00bb global_colors_info=\u00a0\u00bb{}\u00a0\u00bb][et_pb_team_member name=\u00a0\u00bbSvitlana\u00a0\u00bb position=\u00a0\u00bbEquipier production\u00a0\u00bb image_url=\u00a0\u00bbhttps:\/\/tygwiniz.fr\/wp-content\/uploads\/2025\/03\/9Visuel-Svitlana.png\u00a0\u00bb _builder_version=\u00a0\u00bb4.27.4&Prime; _module_preset=\u00a0\u00bbdefault\u00a0\u00bb global_colors_info=\u00a0\u00bb{}\u00a0\u00bb]<\/p>\n<p style=\"text-align: justify;\"><span>Svitlana, d\u2019origine ukrainienne, qui fait partie de l\u2019aventure Ty Gwiniz depuis novembre 2022 !<\/span><\/p>\n<p style=\"text-align: justify;\"><span>Souriante, organis\u00e9e, dynamique ,Svitlana <\/span><span style=\"font-size: 14px;\">s\u2019occupe de la production des cr\u00eapes de froment et de bl\u00e9 noir !\u00a0<\/span><\/p>\n<p style=\"text-align: justify;\"><span style=\"font-size: 14px;\"><\/span><\/p>\n<p style=\"text-align: justify;\"><span style=\"font-size: 14px;\"><span>\ud83d\udccd Vous pouvez retrouver Svitlana en boutique !<\/span><\/span><\/p>\n<p>[\/et_pb_team_member][\/et_pb_column][et_pb_column type=\u00a0\u00bb1_3&Prime; _builder_version=\u00a0\u00bb4.27.4&Prime; _module_preset=\u00a0\u00bbdefault\u00a0\u00bb global_colors_info=\u00a0\u00bb{}\u00a0\u00bb][et_pb_team_member name=\u00a0\u00bbCarole\u00a0\u00bb position=\u00a0\u00bbEquipier polyvalent\u00a0\u00bb image_url=\u00a0\u00bbhttps:\/\/tygwiniz.fr\/wp-content\/uploads\/2025\/03\/5Visuel-Carole.png\u00a0\u00bb _builder_version=\u00a0\u00bb4.27.4&Prime; _module_preset=\u00a0\u00bbdefault\u00a0\u00bb global_colors_info=\u00a0\u00bb{}\u00a0\u00bb]<\/p>\n<p style=\"text-align: justify;\"><span><\/span><\/p>\n<p style=\"text-align: justify;\"><span>Carole a rejoint l&rsquo;aventure Ty Gwiniz en octobre 2024\u00a0 !<\/span><\/p>\n<p style=\"text-align: justify;\"><span>Sa passion pour le commerce et son sens du service lui ont permis de s&rsquo;\u00e9panouir dans son nouveau r\u00f4le.\u00a0 <\/span><span style=\"font-size: 14px;\">Polyvalente, efficace et commer\u00e7ante dans l\u2019\u00e2me, Carole sait \u00e9tablir un excellent rapport avec nos clients et rendre chaque interaction agr\u00e9able.<\/span><\/p>\n<p style=\"text-align: justify;\"><span>Retrouvez-la sur ces 4 march\u00e9s :<\/span><\/p>\n<p style=\"text-align: justify;\"><span>\ud83d\udccdPlouguin, le mardi apr\u00e8s-midi<\/span><br \/><span>\ud83d\udccdGuilers, le jeudi apr\u00e8s-midi<\/span><br \/><span>\ud83d\udccdPloudalm\u00e9zeau, le vendredi matin<\/span><br \/><span>\ud83d\udccdSaint-Renan, le samedi matin<\/span><\/p>\n<p>[\/et_pb_team_member][\/et_pb_column][\/et_pb_row][et_pb_row column_structure=\u00a0\u00bb1_3,1_3,1_3&Prime; _builder_version=\u00a0\u00bb4.27.4&Prime; _module_preset=\u00a0\u00bbdefault\u00a0\u00bb global_colors_info=\u00a0\u00bb{}\u00a0\u00bb][et_pb_column type=\u00a0\u00bb1_3&Prime; _builder_version=\u00a0\u00bb4.27.4&Prime; _module_preset=\u00a0\u00bbdefault\u00a0\u00bb global_colors_info=\u00a0\u00bb{}\u00a0\u00bb][et_pb_team_member name=\u00a0\u00bbSylvie\u00a0\u00bb position=\u00a0\u00bbEquiper production\u00a0\u00bb image_url=\u00a0\u00bbhttps:\/\/tygwiniz.fr\/wp-content\/uploads\/2025\/04\/Design-sans-titre-3.png\u00a0\u00bb _builder_version=\u00a0\u00bb4.27.4&Prime; _module_preset=\u00a0\u00bbdefault\u00a0\u00bb global_colors_info=\u00a0\u00bb{}\u00a0\u00bb]<\/p>\n<p style=\"text-align: justify;\"><span>Sylvie a rejoint Ty Gwiniz en mars 2025 suite \u00e0 une reconversion professionnelle ! <\/span><\/p>\n<p style=\"text-align: justify;\"><span>Dynamique, polyvalente et motiv\u00e9e, elle s&rsquo;occupe de la production des cr\u00eapes de froment et de bl\u00e9 noir ainsi que de celle de la p\u00e2te \u00e0 cr\u00eapes !<\/span><span style=\"font-size: 14px;\">\ud83d\udccdRetrouvez-la en boutique !<\/span><\/p>\n<p>[\/et_pb_team_member][\/et_pb_column][et_pb_column type=\u00a0\u00bb1_3&Prime; _builder_version=\u00a0\u00bb4.27.4&Prime; _module_preset=\u00a0\u00bbdefault\u00a0\u00bb global_colors_info=\u00a0\u00bb{}\u00a0\u00bb][et_pb_team_member name=\u00a0\u00bbC\u00e9lia\u00a0\u00bb position=\u00a0\u00bbAlternante en communication\u00a0\u00bb image_url=\u00a0\u00bbhttps:\/\/tygwiniz.fr\/wp-content\/uploads\/2025\/04\/4Visuel-Celia.png\u00a0\u00bb _builder_version=\u00a0\u00bb4.27.4&Prime; _module_preset=\u00a0\u00bbdefault\u00a0\u00bb global_colors_info=\u00a0\u00bb{}\u00a0\u00bb]<\/p>\n<p style=\"text-align: justify;\"><span>C\u00e9lia fait partie de l\u2019aventure Ty Gwiniz depuis septembre 2024 !<\/span><\/p>\n<p style=\"text-align: justify;\"><span>C&rsquo;est notre alternante en Bachelor Charg\u00e9 de D\u00e9veloppement Commercial et Marketing Digital \u00e0 Brest.<\/span><br \/><span>Enthousiaste et souriante, C\u00e9lia<\/span><span> s\u2019occupe notamment de la partie commerciale et marketing, et travaille en collaboration avec Lila pour la communication !<\/span><\/p>\n<p style=\"text-align: justify;\"><span>\ud83d\udccd Vous pouvez la retrouver lors de la r\u00e9ception de vos commandes en boutique !<\/span><\/p>\n<p>[\/et_pb_team_member][\/et_pb_column][et_pb_column type=\u00a0\u00bb1_3&Prime; _builder_version=\u00a0\u00bb4.27.4&Prime; _module_preset=\u00a0\u00bbdefault\u00a0\u00bb global_colors_info=\u00a0\u00bb{}\u00a0\u00bb][\/et_pb_column][\/et_pb_row][et_pb_row _builder_version=\u00a0\u00bb4.27.4&Prime; _module_preset=\u00a0\u00bbdefault\u00a0\u00bb global_colors_info=\u00a0\u00bb{}\u00a0\u00bb][et_pb_column type=\u00a0\u00bb4_4&Prime; _builder_version=\u00a0\u00bb4.27.4&Prime; _module_preset=\u00a0\u00bbdefault\u00a0\u00bb global_colors_info=\u00a0\u00bb{}\u00a0\u00bb][et_pb_gallery gallery_ids=\u00a0\u00bb449,467,466,674,688,694&Prime; posts_number=\u00a0\u00bb10&Prime; show_title_and_caption=\u00a0\u00bboff\u00a0\u00bb _builder_version=\u00a0\u00bb4.27.4&Prime; _module_preset=\u00a0\u00bbdefault\u00a0\u00bb module_alignment=\u00a0\u00bbcenter\u00a0\u00bb border_radii_image=\u00a0\u00bboff||||\u00a0\u00bb box_shadow_style_image=\u00a0\u00bbpreset2&Prime; global_colors_info=\u00a0\u00bb{}\u00a0\u00bb][\/et_pb_gallery][\/et_pb_column][\/et_pb_row][\/et_pb_section]<\/p>\n","protected":false},"excerpt":{"rendered":"<p>A PROPOS DE NOUSNotre histoireTy Gwiniz, c\u2019est avant tout une histoire de passion et d\u2019envie d\u2019entreprendre.Tout commence un 11 f\u00e9vrier 2003, sur un march\u00e9 du Pays d\u2019Iroise. Premier tour de main, premi\u00e8res cr\u00eapes partag\u00e9es avec les clients dont certains sont toujours des fid\u00e8les&#8230; et d\u00e9j\u00e0 une volont\u00e9 : proposer une cr\u00eape authentique, g\u00e9n\u00e9reuse et artisanale. [&hellip;]<\/p>\n","protected":false},"author":5,"featured_media":0,"parent":0,"menu_order":0,"comment_status":"closed","ping_status":"closed","template":"","meta":{"_et_pb_use_builder":"on","_et_pb_old_content":"","_et_gb_content_width":"","footnotes":""},"class_list":["post-443","page","type-page","status-publish","hentry"],"jetpack_sharing_enabled":true,"_links":{"self":[{"href":"https:\/\/tygwiniz.fr\/index.php?rest_route=\/wp\/v2\/pages\/443","targetHints":{"allow":["GET"]}}],"collection":[{"href":"https:\/\/tygwiniz.fr\/index.php?rest_route=\/wp\/v2\/pages"}],"about":[{"href":"https:\/\/tygwiniz.fr\/index.php?rest_route=\/wp\/v2\/types\/page"}],"author":[{"embeddable":true,"href":"https:\/\/tygwiniz.fr\/index.php?rest_route=\/wp\/v2\/users\/5"}],"replies":[{"embeddable":true,"href":"https:\/\/tygwiniz.fr\/index.php?rest_route=%2Fwp%2Fv2%2Fcomments&post=443"}],"version-history":[{"count":21,"href":"https:\/\/tygwiniz.fr\/index.php?rest_route=\/wp\/v2\/pages\/443\/revisions"}],"predecessor-version":[{"id":917,"href":"https:\/\/tygwiniz.fr\/index.php?rest_route=\/wp\/v2\/pages\/443\/revisions\/917"}],"wp:attachment":[{"href":"https:\/\/tygwiniz.fr\/index.php?rest_route=%2Fwp%2Fv2%2Fmedia&parent=443"}],"curies":[{"name":"wp","href":"https:\/\/api.w.org\/{rel}","templated":true}]}}