{"id":347,"date":"2025-03-21T13:43:55","date_gmt":"2025-03-21T13:43:55","guid":{"rendered":"https:\/\/tygwiniz.fr\/?page_id=347"},"modified":"2025-05-06T13:23:47","modified_gmt":"2025-05-06T13:23:47","slug":"347-2","status":"publish","type":"page","link":"https:\/\/tygwiniz.fr\/?page_id=347","title":{"rendered":"Nos r\u00e9ductions cocktail"},"content":{"rendered":"<p>[et_pb_section fb_built=\u00a0\u00bb1&Prime; admin_label=\u00a0\u00bbHeader\u00a0\u00bb _builder_version=\u00a0\u00bb4.23.1&Prime; _module_preset=\u00a0\u00bbdefault\u00a0\u00bb background_color=\u00a0\u00bbgcid-3d77f18a-71d5-4051-b3de-cc8639fa0c6d\u00a0\u00bb background_enable_image=\u00a0\u00bboff\u00a0\u00bb locked=\u00a0\u00bboff\u00a0\u00bb collapsed=\u00a0\u00bbon\u00a0\u00bb global_colors_info=\u00a0\u00bb{%22gcid-3d77f18a-71d5-4051-b3de-cc8639fa0c6d%22:%91%22background_color%22%93}\u00a0\u00bb][et_pb_row _builder_version=\u00a0\u00bb4.23.1&Prime; _module_preset=\u00a0\u00bbdefault\u00a0\u00bb max_width=\u00a0\u00bbnone\u00a0\u00bb locked=\u00a0\u00bboff\u00a0\u00bb global_colors_info=\u00a0\u00bb{}\u00a0\u00bb][et_pb_column type=\u00a0\u00bb4_4&Prime; _builder_version=\u00a0\u00bb4.23.1&Prime; _module_preset=\u00a0\u00bbdefault\u00a0\u00bb global_colors_info=\u00a0\u00bb{}\u00a0\u00bb][et_pb_text _builder_version=\u00a0\u00bb4.23.1&Prime; _module_preset=\u00a0\u00bb2ec6ac15-1691-422a-919a-443bb3f4da05&Prime; header_text_color=\u00a0\u00bb#FFFFFF\u00a0\u00bb text_orientation=\u00a0\u00bbcenter\u00a0\u00bb custom_margin=\u00a0\u00bb||10px||false|false\u00a0\u00bb header_font_size_tablet=\u00a0\u00bb5vw\u00a0\u00bb header_font_size_phone=\u00a0\u00bb5vw\u00a0\u00bb header_font_size_last_edited=\u00a0\u00bboff|phone\u00a0\u00bb inline_fonts=\u00a0\u00bbAlata\u00a0\u00bb global_colors_info=\u00a0\u00bb{}\u00a0\u00bb]<\/p>\n<h1><span style=\"font-family: Alata;\"><strong><span style=\"color: #000000;\">NOS R<span>\u00c9<\/span>DUCTIONS COCKTAIL<\/span><\/strong><\/span><\/h1>\n<p>[\/et_pb_text][\/et_pb_column][\/et_pb_row][\/et_pb_section][et_pb_section fb_built=\u00a0\u00bb1&Prime; admin_label=\u00a0\u00bbCall to Action\u00a0\u00bb _builder_version=\u00a0\u00bb4.24.3&Prime; _module_preset=\u00a0\u00bbdefault\u00a0\u00bb collapsed=\u00a0\u00bbon\u00a0\u00bb global_colors_info=\u00a0\u00bb{}\u00a0\u00bb][et_pb_row column_structure=\u00a0\u00bb1_2,1_2&Prime; use_custom_gutter=\u00a0\u00bbon\u00a0\u00bb gutter_width=\u00a0\u00bb4&Prime; _builder_version=\u00a0\u00bb4.27.4&Prime; _module_preset=\u00a0\u00bbdefault\u00a0\u00bb z_index=\u00a0\u00bb10&Prime; global_colors_info=\u00a0\u00bb{}\u00a0\u00bb][et_pb_column type=\u00a0\u00bb1_2&Prime; _builder_version=\u00a0\u00bb4.23.1&Prime; _module_preset=\u00a0\u00bbdefault\u00a0\u00bb background_color=\u00a0\u00bbgcid-3d77f18a-71d5-4051-b3de-cc8639fa0c6d\u00a0\u00bb custom_padding=\u00a0\u00bb60px|60px|60px|60px|true|true\u00a0\u00bb custom_padding_tablet=\u00a0\u00bb40px|40px|40px|40px|true|true\u00a0\u00bb custom_padding_phone=\u00a0\u00bb20px|20px|20px|20px|true|true\u00a0\u00bb custom_padding_last_edited=\u00a0\u00bbon|phone\u00a0\u00bb global_colors_info=\u00a0\u00bb{%22gcid-3d77f18a-71d5-4051-b3de-cc8639fa0c6d%22:%91%22background_color%22%93}\u00a0\u00bb][et_pb_text _builder_version=\u00a0\u00bb4.27.4&Prime; _module_preset=\u00a0\u00bb960cc65d-87c3-4c19-b4f3-802aab1d2818&Prime; header_3_text_color=\u00a0\u00bb#FFFFFF\u00a0\u00bb text_orientation=\u00a0\u00bbcenter\u00a0\u00bb global_colors_info=\u00a0\u00bb{}\u00a0\u00bb]<\/p>\n<h3>Nos roul\u00e9s froids<\/h3>\n<p>[\/et_pb_text][et_pb_text _builder_version=\u00a0\u00bb4.23.1&Prime; _module_preset=\u00a0\u00bb80387955-2c22-4d3b-b264-247309d2ad02&Prime; text_text_color=\u00a0\u00bbrgba(255,255,255,0.7)\u00a0\u00bb text_orientation=\u00a0\u00bbcenter\u00a0\u00bb inline_fonts=\u00a0\u00bbDM Sans\u00a0\u00bb global_colors_info=\u00a0\u00bb{}\u00a0\u00bb]<\/p>\n<h4 style=\"text-align: center;\"><span style=\"font-family: 'DM Sans'; font-weight: normal;\">SAUMON-ANETH<\/span><\/h4>\n<h4 style=\"text-align: center;\"><\/h4>\n<h4 style=\"text-align: center;\"><span style=\"font-family: 'DM Sans'; font-weight: normal;\">JAMBON-FROMAGE<\/span><\/h4>\n<h4 style=\"text-align: center;\"><\/h4>\n<h4 style=\"text-align: center;\"><span style=\"font-family: 'DM Sans'; font-weight: normal;\"> MAGRET FUM\u00c9-FIGUES<\/span><\/h4>\n<h4 style=\"text-align: center;\"><\/h4>\n<h4 style=\"text-align: center;\"><span style=\"font-family: 'DM Sans'; font-weight: normal;\"> TOMATES-BASILIC<\/span><\/h4>\n<h4 style=\"text-align: center;\"><\/h4>\n<h4 style=\"text-align: center;\"><span style=\"font-family: 'DM Sans'; font-weight: normal;\"> CRABE-CURRY<\/span><\/h4>\n<h4 style=\"text-align: center;\"><\/h4>\n<h4 style=\"text-align: center;\"><span style=\"font-family: 'DM Sans'; font-weight: normal;\"> MAQUEREAU-POIVRE VERT<\/span><\/h4>\n<h4 style=\"text-align: center;\"><\/h4>\n<h4 style=\"text-align: center;\"><span style=\"font-family: 'DM Sans'; font-weight: normal;\"> PESTO-FETA-CONCOMBRE<\/span><\/h4>\n<p><span style=\"font-family: 'DM Sans'; font-weight: normal;\"><\/span><\/p>\n<h4 style=\"text-align: center;\"><span style=\"font-family: 'DM Sans'; font-weight: normal;\">PAT<\/span><span style=\"font-family: 'DM Sans'; font-weight: normal;\">\u00c9 <\/span><span style=\"font-family: 'DM Sans'; font-size: 18px;\">HENAFF-ALGUES<\/span><\/h4>\n<p><span style=\"font-family: 'DM Sans'; font-weight: normal;\"><\/span><\/p>\n<p><span style=\"font-family: 'DM Sans'; font-weight: normal;\"><\/span><\/p>\n<p>[\/et_pb_text][\/et_pb_column][et_pb_column type=\u00a0\u00bb1_2&Prime; _builder_version=\u00a0\u00bb4.27.4&Prime; _module_preset=\u00a0\u00bbdefault\u00a0\u00bb use_background_color_gradient=\u00a0\u00bbon\u00a0\u00bb background_color_gradient_stops=\u00a0\u00bbrgba(0,0,0,0.85) 0%|rgba(0,0,0,0.85) 100%\u00a0\u00bb background_color_gradient_overlays_image=\u00a0\u00bbon\u00a0\u00bb background_enable_image=\u00a0\u00bboff\u00a0\u00bb custom_padding=\u00a0\u00bb60px|60px|60px|60px|true|true\u00a0\u00bb custom_padding_tablet=\u00a0\u00bb40px|40px|40px|40px|true|true\u00a0\u00bb custom_padding_phone=\u00a0\u00bb20px|20px|20px|20px|true|true\u00a0\u00bb custom_padding_last_edited=\u00a0\u00bbon|phone\u00a0\u00bb global_colors_info=\u00a0\u00bb{%22gcid-3d77f18a-71d5-4051-b3de-cc8639fa0c6d%22:%91%22background_color%22%93}\u00a0\u00bb][et_pb_text _builder_version=\u00a0\u00bb4.23.1&Prime; _module_preset=\u00a0\u00bb960cc65d-87c3-4c19-b4f3-802aab1d2818&Prime; header_3_text_color=\u00a0\u00bb#FFFFFF\u00a0\u00bb text_orientation=\u00a0\u00bbcenter\u00a0\u00bb locked=\u00a0\u00bboff\u00a0\u00bb global_colors_info=\u00a0\u00bb{}\u00a0\u00bb]<\/p>\n<h3>Nos roul\u00e9s chauds<\/h3>\n<p>[\/et_pb_text][et_pb_text _builder_version=\u00a0\u00bb4.27.4&Prime; _module_preset=\u00a0\u00bb80387955-2c22-4d3b-b264-247309d2ad02&Prime; text_text_color=\u00a0\u00bbrgba(255,255,255,0.7)\u00a0\u00bb text_orientation=\u00a0\u00bbcenter\u00a0\u00bb locked=\u00a0\u00bboff\u00a0\u00bb inline_fonts=\u00a0\u00bbDM Sans\u00a0\u00bb global_colors_info=\u00a0\u00bb{}\u00a0\u00bb]<\/p>\n<h4><span style=\"font-family: 'DM Sans'; font-weight: normal; color: #ffffff;\">JAMBON-FROMAGE<\/span><span style=\"font-family: 'DM Sans'; font-weight: normal;\"><span style=\"color: #ffffff; font-size: 18px;\">\u00a0<\/span><span style=\"color: #ffffff; font-size: 18px;\"><\/span><\/span><\/h4>\n<h4><span style=\"color: #ffffff; font-family: 'DM Sans'; font-size: 18px; font-weight: normal;\"><\/span><\/h4>\n<h4><span style=\"font-family: 'DM Sans'; font-weight: normal;\"><span style=\"color: #ffffff;\">ANDOUILLE-FROMAGE<\/span><span style=\"color: #ffffff;\"><\/span><\/span><\/h4>\n<h4><span style=\"font-family: 'DM Sans'; font-weight: normal; color: #ffffff;\"><\/span><\/h4>\n<h4><span style=\"font-family: 'DM Sans'; font-weight: normal; color: #ffffff;\">POULET-PATATE<\/span><br \/><span style=\"font-family: 'DM Sans'; font-weight: normal;\"><span style=\"color: #ffffff;\">DOUCE\/HOUMOUS<\/span><span style=\"color: #ffffff; font-size: 18px;\">\u00a0<\/span><span style=\"color: #ffffff; font-size: 18px;\"><\/span><span style=\"color: #ffffff; font-size: 18px;\"><\/span><\/span><\/h4>\n<h4><span style=\"color: #ffffff; font-family: 'DM Sans'; font-size: 18px; font-weight: normal;\"><\/span><\/h4>\n<h4><span style=\"font-family: 'DM Sans'; font-weight: normal;\"><span style=\"color: #ffffff;\">SAMOSSA CH\u00c8VRE-MIEL<\/span><span style=\"color: #ffffff; font-size: 18px;\">\u00a0<\/span><\/span><\/h4>\n<h4><span style=\"font-family: 'DM Sans'; font-weight: normal; color: #ffffff;\"><\/span><\/h4>\n<h4><span style=\"font-family: 'DM Sans'; font-weight: normal;\"><span style=\"color: #ffffff;\">SAMOSSA POMME-CAMEMBERT<\/span><span style=\"color: #ffffff;\"><\/span><span style=\"color: #ffffff;\"><\/span><span style=\"color: #ffffff;\"><\/span><\/span><\/h4>\n<h4><span style=\"font-family: 'DM Sans'; font-weight: normal; color: #ffffff;\"><\/span><\/h4>\n<h4><span style=\"font-family: 'DM Sans'; font-weight: normal;\"><span style=\"color: #ffffff;\">BLINIS SAUMON-EMMENTAL<\/span><span style=\"color: #ffffff;\"><\/span><\/span><\/h4>\n<p><span style=\"font-family: 'DM Sans'; font-weight: normal;\"><span style=\"color: #ffffff;\"><\/span><\/span><\/p>\n<p><span style=\"font-family: 'DM Sans'; font-weight: normal;\"><span style=\"color: #ffffff;\"><\/span><\/span><\/p>\n<h4><span style=\"font-family: 'DM Sans'; font-weight: normal; color: #ffffff;\">BLINIS ANDOUILLE-OIGNONS<\/span><\/h4>\n<h4><\/h4>\n<p>[\/et_pb_text][\/et_pb_column][\/et_pb_row][et_pb_row _builder_version=\u00a0\u00bb4.27.4&Prime; _module_preset=\u00a0\u00bbdefault\u00a0\u00bb global_colors_info=\u00a0\u00bb{}\u00a0\u00bb][et_pb_column type=\u00a0\u00bb4_4&Prime; _builder_version=\u00a0\u00bb4.27.4&Prime; _module_preset=\u00a0\u00bbdefault\u00a0\u00bb global_colors_info=\u00a0\u00bb{}\u00a0\u00bb][et_pb_text _builder_version=\u00a0\u00bb4.27.4&Prime; _module_preset=\u00a0\u00bbdefault\u00a0\u00bb link_option_url=\u00a0\u00bbhttps:\/\/tygwiniz.fr\/wp-content\/uploads\/2025\/04\/Flyer-OTERA-0604.pdf\u00a0\u00bb link_option_url_new_window=\u00a0\u00bbon\u00a0\u00bb global_colors_info=\u00a0\u00bb{}\u00a0\u00bb]<\/p>\n<p><span style=\"color: #0c71c3;\">Tarifs_roul\u00e9s.pdf<\/span><\/p>\n<p>[\/et_pb_text][\/et_pb_column][\/et_pb_row][et_pb_row _builder_version=\u00a0\u00bb4.27.4&Prime; _module_preset=\u00a0\u00bbdefault\u00a0\u00bb global_colors_info=\u00a0\u00bb{}\u00a0\u00bb][et_pb_column type=\u00a0\u00bb4_4&Prime; _builder_version=\u00a0\u00bb4.27.4&Prime; _module_preset=\u00a0\u00bbdefault\u00a0\u00bb global_colors_info=\u00a0\u00bb{}\u00a0\u00bb][et_pb_gallery gallery_ids=\u00a0\u00bb351,352,355,353,354,350&Prime; posts_number=\u00a0\u00bb6&Prime; show_title_and_caption=\u00a0\u00bboff\u00a0\u00bb _builder_version=\u00a0\u00bb4.27.4&Prime; _module_preset=\u00a0\u00bbdefault\u00a0\u00bb transform_scale=\u00a0\u00bb98%|98%\u00a0\u00bb transform_translate=\u00a0\u00bb8px|-1px\u00a0\u00bb transform_translate_linked=\u00a0\u00bboff\u00a0\u00bb hover_enabled=\u00a0\u00bb0&Prime; global_colors_info=\u00a0\u00bb{}\u00a0\u00bb sticky_enabled=\u00a0\u00bb0&Prime;][\/et_pb_gallery][\/et_pb_column][\/et_pb_row][\/et_pb_section]<\/p>\n","protected":false},"excerpt":{"rendered":"<p>NOS R\u00c9DUCTIONS COCKTAILNos roul\u00e9s froidsSAUMON-ANETH JAMBON-FROMAGE MAGRET FUM\u00c9-FIGUES TOMATES-BASILIC CRABE-CURRY MAQUEREAU-POIVRE VERT PESTO-FETA-CONCOMBRE PAT\u00c9 HENAFF-ALGUES Nos roul\u00e9s chaudsJAMBON-FROMAGE\u00a0 ANDOUILLE-FROMAGE POULET-PATATEDOUCE\/HOUMOUS\u00a0 SAMOSSA CH\u00c8VRE-MIEL\u00a0 SAMOSSA POMME-CAMEMBERT BLINIS SAUMON-EMMENTAL BLINIS ANDOUILLE-OIGNONS Tarifs_roul\u00e9s.pdf<\/p>\n","protected":false},"author":5,"featured_media":0,"parent":0,"menu_order":0,"comment_status":"closed","ping_status":"closed","template":"","meta":{"_et_pb_use_builder":"on","_et_pb_old_content":"","_et_gb_content_width":"","footnotes":""},"class_list":["post-347","page","type-page","status-publish","hentry"],"jetpack_sharing_enabled":true,"_links":{"self":[{"href":"https:\/\/tygwiniz.fr\/index.php?rest_route=\/wp\/v2\/pages\/347","targetHints":{"allow":["GET"]}}],"collection":[{"href":"https:\/\/tygwiniz.fr\/index.php?rest_route=\/wp\/v2\/pages"}],"about":[{"href":"https:\/\/tygwiniz.fr\/index.php?rest_route=\/wp\/v2\/types\/page"}],"author":[{"embeddable":true,"href":"https:\/\/tygwiniz.fr\/index.php?rest_route=\/wp\/v2\/users\/5"}],"replies":[{"embeddable":true,"href":"https:\/\/tygwiniz.fr\/index.php?rest_route=%2Fwp%2Fv2%2Fcomments&post=347"}],"version-history":[{"count":10,"href":"https:\/\/tygwiniz.fr\/index.php?rest_route=\/wp\/v2\/pages\/347\/revisions"}],"predecessor-version":[{"id":692,"href":"https:\/\/tygwiniz.fr\/index.php?rest_route=\/wp\/v2\/pages\/347\/revisions\/692"}],"wp:attachment":[{"href":"https:\/\/tygwiniz.fr\/index.php?rest_route=%2Fwp%2Fv2%2Fmedia&parent=347"}],"curies":[{"name":"wp","href":"https:\/\/api.w.org\/{rel}","templated":true}]}}